**2 - 240*s + 226. Give o(-81).
-17
Let o(p) = 2*p - 308. Calculate o(43).
-222
Let z(g) = 2*g**3 - 5*g + 21. Give z(0).
21
Let l(k) = 32*k - 58. Calculate l(4).
70
Let m(w) = 3*w**3 - 75*w**2 + 138*w - 13. Calculate m(23).
-13
Let j(c) = -4*c**2 - 5*c + 43. Give j(-10).
-307
Let v(p) = -14*p**2 - 113*p + 106. Give v(-9).
-11
Let o(m) = 2*m**3 + 20*m**2 - 24*m + 21. Give o(-11).
43
Let s(a) = -2*a**2 - 432*a - 6067. Give s(-15).
-37
Let u(n) = -n**2 - 127*n + 2130. Determine u(15).
0
Let v(j) = 134*j**2 + 744*j + 746. Calculate v(-1).
136
Let d(p) = p**3 - 96*p**2 + 11*p - 1067. Determine d(96).
-11
Let q(y) = -169*y - 2286. Determine q(-16).
418
Let j(v) = 130*v - 2332. Calculate j(18).
8
Let p(z) = 260*z - 16383. Calculate p(63).
-3
Let g(q) = 81*q - 714. Give g(11).
177
Let d(y) = 227*y - 459. Give d(2).
-5
Let l(y) = -181*y**2 + 516*y - 10. Give l(3).
-91
Let m(z) = 3*z**2 + 300*z + 368. Give m(-99).
71
Let q(a) = 2*a**2 - 21*a - 70. Calculate q(11).
-59
Let t(x) = -3*x**2 + 156*x + 490. Give t(55).
-5
Let c(u) = u**3 - 8*u**2 - 28*u + 116. What is c(10)?
36
Let d(j) = 86*j + 5110. Calculate d(-59).
36
Let v(s) = s**3 + 18*s**2 - 525*s - 9613. Calculate v(-19).
1
Let h(o) = o**2 - 76*o + 969. Calculate h(23).
-250
Let u(q) = -q**2 + 89*q - 13. Calculate u(89).
-13
Let h(s) = s**3 + 11*s**2 + 19*s - 20. Give h(-8).
20
Let j(y) = -y**3 - 41*y**2 - 38*y - 1540. What is j(-41)?
18
Let k(c) = 5*c**3 + 19*c**2 + 20*c + 45. Calculate k(-5).
-205
Let b(y) = -291*y - 14281. What is b(-49)?
-22
Let c(o) = 32*o**3 - 169*o**2 - 135*o - 26. Determine c(6).
-8
Let s(b) = 5*b**2 + 22*b - 43. Determine s(-6).
5
Let f(w) = -112*w - 1566. What is f(-13)?
-110
Let z(y) = 52*y**2 - 124*y + 371. What is z(3)?
467
Let v(i) = -15*i + 233. Calculate v(25).
-142
Let b(j) = -j**3 + 17*j**2 + 351*j - 5975. What is b(17)?
-8
Let t(c) = -c**2 - 89*c - 210. What is t(-86)?
48
Let u(l) = 5*l**2 - 202*l + 68. Give u(40).
-12
Let u(h) = -h**2 + 46*h + 14. Give u(13).
443
Let w(j) = -166*j**2 + 8631*j + 53. Determine w(52).
1
Let b(k) = k**2 + 85*k + 1460. What is b(-24)?
-4
Let c(y) = y**3 + 23*y**2 - 28*y + 171. Give c(-24).
267
Let b(i) = 36*i**3 + 23*i**2 + 6*i + 8. Give b(-1).
-11
Let o(u) = u**3 + 7*u**2 - 17*u - 70. Give o(-8).
2
Let i(h) = h**3 + 12*h**2 + 6*h + 177. Determine i(-10).
317
Let i(l) = l**3 - 2*l**2 + 12*l - 26. Calculate i(3).
19
Let g(o) = -100*o - 554. What is g(-5)?
-54
Let v(f) = -3*f**2 - 34*f + 240. What is v(-16)?
16
Let m(b) = 78*b + 1407. Calculate m(-18).
3
Let k(w) = w**3 + 2*w**2 - 77*w + 23. Give k(11).
749
Let a(f) = 399*f - 3927. Determine a(10).
63
Let y(s) = -s**3 - 25*s**2 - 29*s - 92. Determine y(-24).
28
Let o(c) = c**3 - 27*c**2 + 152*c - 15. What is o(8)?
-15
Let y(v) = -2*v**3 + 7*v**2 - 4*v - 17. Calculate y(-3).
112
Let f(h) = -8*h**2 - 58*h + 349. Give f(5).
-141
Let w(u) = u**3 - 142*u**2 + 964*u + 19. Give w(7).
152
Let b(n) = -51*n**2 - 510*n + 73. Calculate b(-10).
73
Let b(s) = -2*s**2 + 24*s - 11. Determine b(11).
11
Let y(s) = s**3 + 4*s**2 - 174*s + 27. Calculate y(-15).
162
Let q(u) = -u**3 + 18*u**2 - 88*u + 18. Calculate q(8).
-46
Let y(a) = -102*a + 91. What is y(-5)?
601
Let a(c) = 76*c**2 + 67*c + 2. What is a(-2)?
172
Let g(d) = -9*d**2 - 80*d - 76. What is g(-8)?
-12
Let s(f) = f**3 + 139*f**2 - 1. Calculate s(-139).
-1
Let g(t) = t**3 - 15*t**2 + 15*t + 7. Give g(11).
-312
Let j(t) = -2*t**2 + 147*t - 168. What is j(72)?
48
Let b(y) = y**3 - 15*y**2 - 20*y - 4. Determine b(10).
-704
Let h(b) = 140*b - 225. Determine h(2).
55
Let j(y) = -2*y**2 - 71*y + 47. What is j(-36)?
11
Let i(c) = -25*c - 192. Give i(-13).
133
Let b(m) = -291*m - 1811. Give b(-6).
-65
Let z(i) = 98*i + 1075. Calculate z(-11).
-3
Let p(d) = -177*d + 1431. Give p(8).
15
Let f(y) = 2*y**3 - 20*y**2 + 19*y - 35. What is f(9)?
-26
Let h(m) = -13*m - 24. Calculate h(-6).
54
Let g(n) = n**2 - 29*n + 71. Determine g(15).
-139
Let x(n) = -1142*n - 34263. What is x(-30)?
-3
Let z(o) = -o**3 - 78*o**2 + 161*o + 90. Give z(-80).
10
Let z(b) = -b + 85. Calculate z(13).
72
Let g(i) = -72*i + 132. Give g(1).
60
Let v(f) = -f**2 - 94*f + 340. Determine v(-98).
-52
Let r(m) = -225*m + 514. Calculate r(4).
-386
Let i(h) = 24*h - 713. What is i(23)?
-161
Let q(p) = -p**3 - 39*p**2 - 83*p + 53. Determine q(-37).
386
Let u(x) = 72*x + 2869. What is u(-40)?
-11
Let k(c) = -c**2 + 29*c + 24. What is k(23)?
162
Let u(i) = 2*i**2 + 92*i + 342. Give u(-41).
-68
Let i(v) = 51*v + 297. Give i(-6).
-9
Let x(n) = -n**3 - 28*n**2 - 48*n - 1308. Give x(-28).
36
Let f(n) = 45*n - 180. Calculate f(4).
0
Let j(d) = d**3 + 38*d**2 - 75*d - 3. What is j(2)?
7
Let k(v) = v**3 + 4*v**2 - 6*v - 63. Calculate k(-4).
-39
Let b(w) = 5*w**3 + 182*w**2 + 75*w + 89. What is b(-36)?
-19
Let m(c) = 4*c**2 + 136*c - 43. Give m(-34).
-43
Let p(v) = -385*v - 880. Determine p(-2).
-110
Let f(d) = 605*d - 1806. Calculate f(3).
9
Let k(q) = 50*q - 50. Calculate k(1).
0
Let i(l) = -3*l**3 - 29*l**2 - 149*l - 1597. What is i(-10)?
-7
Let s(u) = -4458*u + 4469. Determine s(1).
11
Let l(y) = -y**2 + 59*y + 5933. Give l(-53).
-3
Let l(y) = -y**3 + 5*y**2 - 10*y + 65. Give l(-8).
977
Let u(k) = 195*k - 3895. Give u(20).
5
Let u(j) = -6*j**3 + 251*j**2 - 1444*j + 315. What is u(35)?
0
Let h(x) = 2*x**2 - 28*x - 134. Determine h(-4).
10
Let y(o) = -190*o**2 + 1518*o - 18. Determine y(8).
-34
Let s(w) = 3477*w + 83441. Calculate s(-24).
-7
Let y(o) = o**2 + 130*o + 2938. Calculate y(-101).
9
Let s(b) = 5*b**2 + 227*b + 226. Calculate s(-1).
4
Let h(s) = 21*s - 225. Give h(11).
6
Let s(x) = -153*x + 766. What is s(5)?
1
Let p(t) = t**3 - 5*t**2 - 61*t + 8. Calculate p(-6).
-22
Let h(s) = -s**3 - 7*s**2 - 13*s - 184. What is h(-8)?
-16
Let d(k) = 221*k - 235. Calculate d(1).
-14
Let u(y) = -541*y - 1. Determine u(0).
-1
Let j(k) = -309*k - 1192. Give j(-4).
44
Let m(v) = 5*v**3 - 34*v**2 + 3*v - 13. Calculate m(5).
-223
Let d(k) = 10*k - 209. What is d(-23)?
-439
Let b(m) = m**3 - 29*m**2 - 79*m + 2304. Determine b(29).
13
Let u(i) = -51*i - 1246. Calculate u(-25).
29
Let n(c) = 3*c**2 + 40*c + 3. Determine n(-7).
-130
Let q(o) = o**2 - 43*o + 367. What is q(37)?
145
Let y(m) = m**3 + 44*m**2 + 382*m + 65. What is y(-31)?
716
Let w(t) = -677*t**3 + 2*t**2. Calculate w(-1).
679
Let i(g) = 2*g**2 - 20*g - 254. Determine i(-8).
34
Let a(h) = -h**3 + 13*h**2 - 3*h + 35. Calculate a(12).
143
Let x(i) = 5*i - 20. Give x(12).
40
Let f(c) = c**3 + 32*c**2 + 251*c - 12. Give f(-18).
6
Let l(r) = 195*r - 590. Calculate l(3).
-5
Let h(m) = -3*m**3 + 67*m**2 - 10*m - 255. Determine h(22).
9
Let a(t) = -42*t - 743. Calculate a(-19).
55
Let p(r) = -r**2 + 28*r - 193. Calculate p(22).
-61
Let l(b) = -33*b + 120. Determine l(3).
21
Let t(v) = 155*v + 111. What is t(-1)?
-44
Let d(u) = 177*u - 528. What is d(3)?
3
Let k(b) = -139*b + 3214. Give k(23).
17
Let q(r) = 12*r**2 - 94*r + 21. Determine q(6).
-111
Let z(g) = g**2 - 2*g - 202. What is z(-11)?
-59
Let f(w) = 18*w - 366. Give f(6).
-258
Let t(g) = -g**2 - 139*g - 2065. What is t(-17)?
9
Let x(u) = 74*u - 745. Give x(10).
-5
Let v(y) = -8*y - 113. What is v(-15)?
7
Let d(x) = -x**2 - 9*x + 11. Calculate d(-9).
11
Let d(c) = c**3 - c**2 - 4*c + 41. Calculate d(0).
41
Let a(m) = 19*m - 521. What is a(27)?
-8
Let s(i) = -14*i**2 + 145*i + 263. What is s(12)?
-13
Let t(x) = 5469*x + 453929. Calculate t(-83).
2
Let d(t) = -16*t + 82. What is d(15)?
-158
Let x(b) = -15*b - 247. Determine x(-34).
263
Let x(f) = f**3 - 87*f**2 + 19*f - 1657. Determine x(87).
-4
Let s(x) = -2*x**3 + 109*x**2 - 156*x - 169. Calculate s(53).
-10
Let f(i) = i**2 - 64*i - 3196. Calculate f(97).
5
Let g(l) = 4*l**2 - 10*l - 24. Give g(-3).
42
Let w(i) = -6*i - 214. Determine w(-33).
-16
Let i(z) = z**2 + 9*z + 53. What is i(-7)?
39
Let v(y) = 5*y**3 - 110*y**2 - 2. Give v(22).
-2
Let w(p) = p**3 - 14*p**2 + 12*p - 23. Calculate w(11).
-254
Let f(l) = l**3 + 17*l**2 + 2*l - 169. What is f(-14)?
391
Let d(v) = v**3 - 3*v**2 + 8*v - 77. Determine d(5).
13
Let y(s) = -s**3 - 20*s**2 - 39*s - 28. Give y(-18).
26
Let u(s) = s**3 - 53*s**2 + 100*s + 54. Give u(51).
-48
Let l(g) = g**3 + 11*g**2 + 9*g + 93. Determine l(0).
93
Let o(m) = -24*m + 1125. Calculate o(48).
-27
Let w(i) = 2*i**2 - i - 